 is divided by 40?
28
Suppose 24*w = 26*w - 120. What is the remainder when 43 is divided by ((-8)/w*5)/(1/(-33))?
21
Suppose -g + 81 = -3*n, 3*n = 5*g - 65 - 400. What is the remainder when g is divided by 34?
28
Let u(n) = 19*n + 21 - 3*n + 13 - 3*n**2 + 4*n**2. What is the remainder when 8 is divided by u(-14)?
2
Suppose 205 = 5*i + 9*j - 3*j, 0 = -3*j + 15. Suppose 34*m + 136 = i*m. What is the remainder when m is divided by (1 + (0 - 0))*47?
42
Let u(w) = -2 - 21*w - 1 + 7*w. Suppose 9*h - 56 = -65. Calculate the remainder when 31 is divided by u(h).
9
Suppose 4*b = -5*i + 842, -7*i + 5*i = 3*b - 341. Let d be (0 - 8) + (19 - 18). Let o = 7 - d. What is the remainder when i is divided by o?
12
What is the remainder when (-717528)/588*(-7)/2 is divided by 171?
167
Suppose 264 = 5*k - 4*o - 3496, 0 = -k - 4*o + 776. What is the remainder when k is divided by 197?
165
Let f(m) = m**2 + 8*m. Let w be f(8). Suppose 5*g - w = 77. What is the remainder when g is divided by (-11)/77 - 57/(-105) - 216/(-10)?
19
Suppose 20 = -2*b - 4*g + 2, -5*b - 37 = 2*g. Calculate the remainder when (190 + -1)*b/(-21) is divided by 16.
15
Let p(k) = k**2 + 28 + 21*k + 27 - 4. What is the remainder when 46 is divided by p(-19)?
7
Suppose -n - 4*c + 63 = 0, 3*c = -5*n + 236 + 11. Let y = 65 - n. What is the remainder when 140 is divided by -3 + (y/10)/(3/45)?
20
Let m = 2775 - 2761. Let b = -55 - -107. Calculate the remainder when b is divided by m.
10
Suppose 122 = 4*q + 2*i, -8*q + 13*q + 2*i = 153. Suppose 13 = -5*x - 3*f + q, 4*x - 8 = 4*f. What is the remainder when 23 is divided by x?
2
Let n be (((-3420)/(-8))/5)/(3/4). Suppose -6*v + 2*v = 3*f - 456, -5*f = v - n. What is the remainder when v is divided by 23?
22
Let x(w) = 2*w + 7. Let o be x(3). Suppose -17*f + o*f = -272. Suppose -4*r + 16 = -f. What is the remainder when 102 is divided by r?
18
Suppose -60 = -2*s + 2*x, 4*x - 66 = -7*s + 5*s. Calculate the remainder when 269 is divided by s.
21
Let i = -4242 - -4286. What is the remainder when 567 is divided by i?
39
Let c(g) = g**2 + 8*g - 52. Let b be c(-11). Let t = b - -31. What is the remainder when 55 is divided by t?
7
Let w(i) = -i**3 + 6*i**2 - 32*i + 57. What is the remainder when 449 is divided by w(2)?
8
Let q = -43 - -48. Suppose 436 = q*y - 424. Suppose 4*w = 4*m + y, m + 63 = 2*w - 22. Calculate the remainder when w is divided by 22.
20
Suppose 153*d = 163*d + 10. Let r(w) = -27*w**3 - 8*w**2 - 10*w - 2. Calculate the remainder when 123 is divided by r(d).
15
Suppose 3*k - 3 = -0. Let c be ((-8)/(-10))/2 - 3516/(-60). Let h = c - k. Calculate the remainder when h is divided by 22.
14
Let v be (6 - (-33)/(-6))*2*4. Suppose -5*a + 21 + 164 = 2*y, -v*a + 151 = y. What is the remainder when 77 is divided by a?
38
Let m(u) = -2*u**3 - 14*u**2 - 10*u + 2. What is the remainder when (-12)/24*((-10000)/18 + (-100)/225) is divided by m(-7)?
62
Suppose 5*x = -f + 441, -4*x = -5*f - 5*x + 2037. What is the remainder when f is divided by 9?
1
Let f be (-306)/(-21) - ((-276)/(-42) + -7). Calculate the remainder when 109 is divided by 21/f + 133/5.
25
Let r be ((5/3)/((-7)/21))/1. Calculate the remainder when 46 is divided by (8 - (-336)/(-30))*r/2.
6
Suppose z + 110 = 114. Let t be 522/2 + z/(-4). Let o = -180 + t. What is the remainder when o is divided by 29?
22
Let s(c) = -c**2 - 29*c - 16. What is the remainder when 155 is divided by s(-8)?
3
Suppose -u + 137 = w, -1 + 7 = -2*w. Suppose u = 13*f - 315. What is the remainder when 168 is divided by f?
28
Let p = -280 - -326. Let o = p - 20. Calculate the remainder when 126 is divided by o.
22
Let s(w) = 32*w - 211. Let r(f) = -15*f + 105. Let b(x) = 7*r(x) + 3*s(x). What is the remainder when 125 is divided by b(9)?
20
Suppose -456 = 18*n - 60. What is the remainder when 119 is divided by (-680)/n - 22/(-242)?
26
Suppose -84*r + 116*r = -217*r + 6723. Calculate the remainder when r is divided by (-8)/28 + (-93)/(-7).
1
Let y(b) = -4*b**3 + b**2 + 16*b + 16. Calculate the remainder when y(-3) is divided by 27.
4
Let v = 6 - -1. Suppose 0 = 5*a - v - 3. Calculate the remainder when 45*a/(6 - 4) is divided by 23.
22
Suppose -a + 5*z = -43, 0 = -85*a + 89*a - 5*z - 82. What is the remainder when 140 is divided by a?
10
Let h(v) = v**3 - 19*v**2 - 30*v + 46. What is the remainder when h(21) is divided by 6?
4
Let l = 91 - -139. Let u(y) = -6*y**2 + 114*y - 183. Calculate the remainder when l is divided by u(17).
20
Calculate the remainder when 2324 is divided by (-1 + 6/(5 + -7))*63/(-12).
14
Let g = -1959 + 2914. Suppose v = -3*l - 3*v + 2841, g = l + 4*v. What is the remainder when l is divided by 21?
19
Let v be 4/(-18) + 1761/27. Let y be 5/(-4 - -9) + 4. Suppose -y*c + 0*c + v = 0. Calculate the remainder when 22 is divided by c.
9
Suppose -4*t + 3 = w - 10, t = -5*w - 11. Suppose -8*f = -t*f - 164. Suppose 31 + f = 2*v. What is the remainder when 70 is divided by v?
34
Let w be 8 - -6 - 0 - 1. What is the remainder when 27 is divided by w - 11/1 - (-18)/1?
7
Let t(r) = 46*r - 178. Let i be 19/3 + 148/(-111). Calculate the remainder when 98 is divided by t(i).
46
Suppose -28*d + 19602 = -11*d + 6733. Calculate the remainder when d is divided by 374.
9
Suppose 21*v - 395 = 532 - 192. Calculate the remainder when 250 is divided by v.
5
Suppose -3*w - 18 = 5*n, 5*w - 8 = -4*n + 2*n. Let a(i) = -3 - 6 - 5 + 3*i + 5*i**2. Calculate the remainder when a(n) is divided by 38.
34
Suppose -5*l = -4*l - 17. Let h = -3266 + 3350. What is the remainder when h is divided by l?
16
Calculate the remainder when (0 - -143) + 2 + 0 is divided by 737*(-84)/(-1452) - 18/11.
22
Suppose 0 = -49*q - 4349 + 8955. Calculate the remainder when 3664 is divided by q.
92
Let v(w) = 20*w**2 - w + 4. Let s be v(3). Let q = 452 - s. Calculate the remainder when q is divided by 55.
51
Suppose -i - i = 2*j - 2, 4*j + 8 = -i. Let x(s) = 7 + 31 + 7*s + i. What is the remainder when x(0) is divided by 15?
12
Let r(c) = -c**2 - c + 6. Let q be r(-3). Suppose 0*b = 6*b - 540. What is the remainder when b is divided by (q - (-26)/4)/((-22)/(-44))?
12
Let w(d) = -d**3 + 10*d**2 - 5*d - 1. Let g be w(9). Let k = -22 + 52. Let j = g - k. Calculate the remainder when 12 is divided by j.
2
Let p(n) = 8*n**2 + 3*n + 2. Calculate the remainder when 1157 is divided by p(-1).
2
Let i = 492 + -483. Let x(y) = -y**2 + 19*y + 18. Calculate the remainder when 207 is divided by x(i).
99
Let z(d) = -d**2 - 10*d - 20. Let w be z(-4). What is the remainder when 189 is divided by (8 - w)/1 + 52?
21
Suppose 53 = 10*g + 38*g - 317 - 302. Calculate the remainder when 4/6 - (-751)/3 is divided by g.
13
Let q = 8519 + -8492. What is the remainder when 176 is divided by q?
14
Suppose -1429 + 514 = -3*v. Let l = v - 288. Calculate the remainder when 98 is divided by l.
13
Suppose -g + 47 = -0*i + i, -4*i = -4*g + 196. Suppose 15*b - 837 = 2013. Calculate the remainder when b is divided by g.
46
Let a(x) = -10*x + 120. Let o be a(12). Suppose 2*u - 16 - 34 = o. What is the remainder when 72 is divided by u?
22
Let j = -12845 + 12900. Calculate the remainder when 272 is divided by j.
52
Let c(v) = -47*v + 1365. Calculate the remainder when 881 is divided by c(28).
48
Let i = -15826 - -22229. Calculate the remainder when i is divided by 105.
103
Let k(d) = 2*d**2 - 5*d + 9. Let s = -24142 + 24208. Calculate the remainder when k(9) is divided by s.
60
Suppose -21593 = -10*d - 76*d - 57*d. Calculate the remainder when 2852 is divided by d.
134
What is the remainder when 1570 is divided by -2 + (-57)/(-4) - (9 - 279/36)?
8
Let v(q) = q**2 - 19*q + 88. Let d be v(12). Suppose -f + d*s = 3*f - 1800, -2*s = 6. What is the remainder when f is divided by 30?
27
Let p = -19 - -60. What is the remainder when p is divided by (-75)/(-11) - -1 - 20/(-110)?
1
Suppose y + 2*y + c - 59 = 0, 3*c - 101 = -5*y. Let b(n) = n**3 - 27*n**2 - 139*n + 3178. Calculate the remainder when b(28) is divided by y.
13
Let y(o) = o**2 - 10*o + 12. Let h be y(14). Let r = -64 + h. Suppose -2*l = 4*i - 210, r*l - 13 + 93 = 2*i. Calculate the remainder when i is divided by 17.
16
Let w = -555 + 568. Suppose -w*s + 6*s = -686. Let m(p) = 2*p**2 + 6*p - 3. Calculate the remainder when s is divided